 is divided by i.
12
Let n(o) = -11*o - 86. Let w be n(-8). Suppose -5*j - w*b = -66, -2*j - b + 54 = 2*j. Calculate the remainder when j is divided by 9.
5
Let j = -671 - -715. What is the remainder when 255 is divided by j?
35
Let d(m) = 14*m - 14. Let f(h) = -77*h + 77. Let s(w) = 28*d(w) + 5*f(w). Calculate the remainder when (26 - 0)/(2/8) + -2 is divided by s(6).
32
Suppose 4*d - 77 = 5*w, -4*d - 6*w + 2*w + 140 = 0. Let u(c) = -c**2 + 8*c - 3. Calculate the remainder when d is divided by u(6).
1
Suppose 7*c + 1584 = -c + 20*c. What is the remainder when 1708 is divided by c?
124
Let u(k) = -68*k - 1. Let y be (-1)/(1251/313 + -4). Suppose 8*p = 55 + y. What is the remainder when u(-2) is divided by p?
43
What is the remainder when 4*((-850338)/(-36))/29 is divided by 4?
2
Suppose -71*v + 377 = -66*v + z, 3*v + 3*z - 231 = 0. Let b(w) = 5*w**3 + w**2 - 4*w + 3. Calculate the remainder when v is divided by b(2).
36
Suppose 4*b + 5*b = 14*b - 1950. What is the remainder when b is divided by 160?
70
Suppose 6 = 3*b + l, 4*l + 27 = b + 4*b. Let p be b/1 - (-73 + 1). Suppose -g = -4*g + p. Calculate the remainder when 99 is divided by g.
24
Let u(g) = -11*g - 70. Let w be u(-7). Suppose -z = -w*z + 150. Calculate the remainder when z is divided by 7.
4
Suppose -26*q + 25*q - 5*h + 16 = 0, -5*q = 5*h - 60. Suppose -114 = 5*w - q*w. Calculate the remainder when 227 is divided by w.
18
Let i = -254 + 302. Suppose -l = -5*n - 114, -3*l = -2*l - 4*n - 119. What is the remainder when l is divided by i?
43
Let y = 82 + -78. Suppose -2*t + 3*p = -33, -2*t + y*p + 27 = 3*p. What is the remainder when 2301/65 - (-2)/15*-3 is divided by t?
11
Suppose 5211 = 5*o + 4*x, 18*o - 23*o + 5203 = 2*x. Calculate the remainder when o is divided by 52.
51
Suppose 2*g = 3*y + 2529 - 493, 0 = -4*y + 8. What is the remainder when g is divided by 5?
1
Let k(z) be the first derivative of -z**4/4 - z**3/3 + z + 70. Let w = -1 + 3. Calculate the remainder when k(-2) is divided by w.
1
Suppose 0 = -s - 2*b + 4*b + 208, -b - 797 = -4*s. Suppose 0 = 4*m - 4*p - 398 - s, 5*m = -3*p + 745. Calculate the remainder when m is divided by 19.
16
Suppose 7*l = 5875 - 1598. Suppose -312 - l = -13*f. Calculate the remainder when 354 is divided by f.
70
Let g = 5254 + -4522. Calculate the remainder when g is divided by 146.
2
Let w = -175 - -175. Suppose -3*g + p = -245, w*p = -3*p + 3. Calculate the remainder when g is divided by 46.
36
Let l(j) be the first derivative of -j**3/3 + 19*j**2/2 + 93*j + 38. What is the remainder when l(22) is divided by 3?
0
Let o(q) = q**3 + 6*q**2 - 17*q + 9. Let b = -20 + 72. Let t = b + -60. Calculate the remainder when 67 is divided by o(t).
16
Suppose 4*i = -b - 134, 3*i - 39 = -4*b - 601. Let d = -116 - b. Calculate the remainder when 42 is divided by d.
16
Let g(n) = -6*n + 867. What is the remainder when g(-75) is divided by 22?
19
Suppose 8*v + 379 - 971 = 0. Suppose 0*k - 5*k - 62 = -3*z, -v = -4*z - 2*k. What is the remainder when 73 is divided by z?
16
Suppose -s = -8*s + 280. Suppose 108 = -36*h + s*h. Calculate the remainder when (1/3)/(2/474) is divided by h.
25
Suppose -2*h - 420 = -2*g, -3*h - 2*g - 630 = -7*g. Let t = h - -327. Let f = t - 40. Calculate the remainder when f is divided by 16.
13
Let s = -101 - -108. Suppose 4*z - 13 = -h, -s*h = 2*z - 3*h - 24. Calculate the remainder when 21 is divided by z.
1
Suppose -16 = 2*v - 4*j - 36, 3 = j. Suppose 2*q + 2*x - 436 = 0, 1138 = 5*q + 4*x + 47. What is the remainder when q is divided by v?
11
Let p(y) = -132*y + 12*y**2 - 27 + 263*y - 122*y. What is the remainder when p(3) is divided by 19?
13
Suppose 0 = 11*y - 10*y - 2. Suppose 148 = 3*t - 3*o + 16, 0 = -y*o. Let z(m) = m**3 - 6*m**2 + 8. Calculate the remainder when t is divided by z(6).
4
Suppose -3*d - 60 = -7*d. Suppose -8*v = -138 - 1142. Suppose -4*l - n + 33 = -86, 5*n = -5*l + v. Calculate the remainder when l is divided by d.
14
Let c = 2030 + -1380. What is the remainder when c is divided by 24?
2
What is the remainder when -5853*((-2950)/708 + 10/12) is divided by 36?
34
Let q = 206 + -133. Let z(l) = l + 3*l**3 + 4*l**2 - 6 + 5*l + 1 - 4*l**3. Calculate the remainder when q is divided by z(4).
16
Let o(z) = -5*z - 5. Let w = -270 + 276. Calculate the remainder when o(-13) is divided by w/(-12)*-2 - -6.
4
Let v(c) = -c**2 - 20*c + 13. Let i(b) = -4*b + 27. Let u be i(12). Let k be v(u). What is the remainder when 16 is divided by (-70)/k + 3/12?
7
Suppose -10*z = -17*z + 238. Suppose -32*i = -z*i + 138. What is the remainder when i is divided by 20?
9
Let i(o) = o**2 - 7*o + 10. Let k = -216 + 223. Suppose 0 = n - 6*p + k*p - 11, -n + p = -17. What is the remainder when n is divided by i(7)?
4
Suppose -6*m + 14 = 3*l - 11*m, -5*m = l + 22. Calculate the remainder when ((-8856)/63)/l + (-4)/14 is divided by 26.
18
Let t(l) = 122*l + 780. Suppose -4*c - 5*w + 34 = 0, -3*c + 3*w = -0*c - 12. Calculate the remainder when t(-6) is divided by c.
0
Suppose 2543 = 24*a + 845 - 1086. Calculate the remainder when a is divided by 27.
8
Suppose -2*u = -3*f - 49, 0 = -2*u - 5*f + 283 - 226. Calculate the remainder when 1137 is divided by u.
19
Suppose -9*d - 6*d = -0*d - 148470. Calculate the remainder when d is divided by 10.
8
Suppose 3*r - 5*r - 3*f + 432 = 0, 0 = -3*r - 2*f + 653. Calculate the remainder when r is divided by ((-22)/5)/((-168)/840).
21
Let y(m) = -m**2 - 33*m + 597. What is the remainder when 614 is divided by y(12)?
44
Let y(b) = -b + 32. Suppose f - 3*t = 2 + 30, 4*f = -3*t + 83. Let k be y(f). Suppose -k*u + 127 + 188 = 0. Calculate the remainder when 67 is divided by u.
32
Suppose -7271*c + 7325*c - 2646 = 0. Suppose x = 4*x - 1026. Calculate the remainder when x is divided by c.
48
Let u(w) = w**3 - 13*w**2 - 14*w + 48. Let a(j) = -j**3 - 23*j**2 + 48*j - 36. Let g be a(-25). Calculate the remainder when 143 is divided by u(g).
47
Let m be 26/(-4)*(-4 + 2). Let k(t) = t**2 - 6*t - 15. Calculate the remainder when k(m) is divided by (-4)/2*(-104)/(80/10).
24
Let k = -3627 + 4226. What is the remainder when k is divided by 45?
14
Suppose 44*i = 5*u + 43*i - 581, -448 = -4*u + 5*i. Suppose -3*z - x + 51 = -0*z, 0 = x. Calculate the remainder when u is divided by z.
15
Let u(v) = -21*v - 126. Let p be u(-26). Suppose -25*l + p = -230. Let c(d) = -6*d**3 + 2*d**2 + 4*d + 3. What is the remainder when c(-2) is divided by l?
25
Suppose 2*d - 6500 = -8*d. Let v = d + -569. Calculate the remainder when v is divided by 12.
9
Suppose -3*n - 3*i + 1506 = -0*i, 0 = -n + 4*i + 492. Suppose -12*t = -n - 388. Suppose 4*c = 94 + t. What is the remainder when c is divided by 15?
12
Suppose -7*m = 15 + 13. What is the remainder when 32 is divided by ((-63)/(-42))/((-6)/m) - -3?
0
Suppose 0 = -5*y - 2*d, y + 0*d + d = 0. Let f = 68 - y. What is the remainder when 267 is divided by f?
63
Let h = 8282 + -7936. Calculate the remainder when h is divided by 78.
34
Let c(s) = -6*s**2 + 59*s + 9*s**2 - 23 - 5*s**2 + 4*s**2 + 8*s**2. Calculate the remainder when c(-8) is divided by 38.
31
Calculate the remainder when 19/40 + 723/(-1205) - 2313/(-8) is divided by 124.
41
Let j = 29 - 27. Let v be 1*j/2 + 2/(-2). Suppose -5*o + 2*s = -3*s - 115, v = 5*o - s - 95. Calculate the remainder when 31 is divided by o.
13
Suppose -9*n + 0*n + 459 = 0. Let y = -15 + n. Let k = -30 + 51. What is the remainder when y is divided by k?
15
Let u(w) = -2702*w - 45. Calculate the remainder when u(-1) is divided by 38.
35
Let f = -43700 + 48767. Calculate the remainder when f is divided by 28.
27
Calculate the remainder when (-32)/(-272) + 40365/85 is divided by 151.
22
Suppose 3*z - 6*b = -4*b + 111, -5*b = -3*z + 120. Let j = z - 31. What is the remainder when 43 is divided by j?
3
Suppose -3885 = 3*j - 9918. Calculate the remainder when j is divided by 33.
31
Calculate the remainder when (-6 + 3 - -7) + 503 + 13 + -15 is divided by 94.
35
Suppose 6*o - 10*o + 804 = -5*y, 0 = -o + y + 201. What is the remainder when 3209 is divided by o?
194
Let z(q) = -7*q**3 - 17*q**2 - 2*q + 9. What is the remainder when 406 is divided by z(-3)?
49
Let c = -135 + 98. Let z = 100 + c. Calculate the remainder when z is divided by 11.
8
Let i(n) = -n**3 - n**2 + 